*a - 8. Let q be m(-36). Let u = 40823 - q. Is u composite?
True
Suppose 0 = -2*l - n - n + 5182, -5*n = -5. Let r = 349 + l. Is r a prime number?
True
Suppose 6*i + 122 = 50. Is 4*(12/(-12))/(i/56919) a composite number?
False
Let t(l) = 34*l**2 + 3*l - 32. Let w be t(-7). Let j = w - 1116. Is j prime?
False
Let x be 5/(-10)*0 + 3. Let i(g) = g**2 + g - 5. Let h be i(x). Suppose h*f = -857 + 5260. Is f a composite number?
True
Suppose -13 + 43 = 10*n. Suppose -n*o + 0*o = 2*c - 6680, -3*o = 4*c - 6688. Suppose 1 = -m, 2*x + 28 = 2*m + o. Is x a prime number?
True
Is (25955/(-2) + 6/(-4))*-11 a composite number?
True
Suppose -14*p = -17*p + 6. Suppose 5*s - p*s = 27192. Suppose 7*y - s = 8989. Is y a prime number?
True
Suppose -23*r + 5698797 = r + 15*r. Is r a composite number?
True
Suppose 0 = -p + 8*p - 2219. Suppose -3*u - 2018 = -4*n, -3*n + 4*u + 1193 = -p. Suppose 4*q = -3*v + n + 116, 0 = -5*v - 10. Is q prime?
True
Let o(q) = q - 1. Let m be o(-2). Let t be 1*18 - m/(-1). Suppose t*a - 206 = 14*a. Is a composite?
True
Let w = -83 - -83. Suppose k - 4*n + 4391 = 0, -n + 8796 = -2*k - w*n. Is (-20)/25 - k/5 a prime number?
False
Let q(w) = -224*w + 1931. Is q(-57) prime?
True
Let g = -151 - -296. Let n be 4/(-16) - g/(-20). Suppose -n*m + 4395 = -4*m. Is m prime?
False
Let p be (-39)/(-26)*(-2 + (-290)/(-3)). Let i be p*(-2 + 4)*1. Suppose i = -2*m + 2086. Is m a composite number?
True
Let z(r) = -69*r - 9. Let b be z(-5). Is 5978 + (b/8)/(-6) composite?
True
Suppose -v - 10 = -4*m + v, 0 = -2*m + 4*v + 8. Suppose m*j + 21 = -5*p + 255, -2*p - 5*j = -81. Is ((-222)/4)/(p/(-544)) composite?
True
Let i(u) = -3*u**2 + 11*u - 8. Let g(o) = -10*o**2 + 34*o - 23. Let h(p) = 2*g(p) - 7*i(p). Let q be h(8). Is 1010 + (q/4)/((-6)/12) prime?
True
Let j(a) = 3*a**2 + 23*a + 73. Suppose 125*i + 116 = 129*i. Is j(i) prime?
False
Suppose s + 5 = u, -5*s = -3*u + 34 - 3. Is (-1)/5 + (828792/(-45))/s composite?
True
Let o(i) = -4321*i - 3. Let v(q) = -8641*q - 8. Let m(a) = 7*o(a) - 3*v(a). Is m(-1) a composite number?
False
Let x(f) be the third derivative of -7*f**5/2 + 25*f**4/12 - 31*f**3 + 18*f**2. Let q(g) = -42*g**2 + 10*g - 37. Let w(a) = -16*q(a) + 3*x(a). Is w(3) prime?
False
Suppose 0 = 3*d + 3*p + 18, -p = 29*d - 33*d - 14. Let u(i) = 176*i**2 + 16*i + 9. Is u(d) a prime number?
False
Let k = -20658 + 36478. Suppose -k = -7*y - 5159. Is y composite?
False
Let x(v) = 2854*v + 1051. Is x(57) composite?
False
Suppose -5*p = -5*i + 40, -6*p + 2*p = 20. Suppose -5*t + i*g = -6376, 5*g + 3352 = 4*t - 1741. Suppose 0*s - s + t = 0. Is s a prime number?
True
Is (-25)/20 + 11266/3*2574/208 a prime number?
True
Is (13 - (-2509871)/(-13))/(-2) a prime number?
True
Is 1533/(-525) + 3 + 1308346/50 a composite number?
True
Let q = -1106 + 3647. Suppose -q = -n - 4*j, -2*n + 2281 = j - 2766. Is n prime?
True
Suppose -16291 + 1121 = -74*w. Is w a prime number?
False
Let y(g) = 85*g + 8. Let b(h) = -h**3 + 12*h**2 - 3*h + 30. Let j be b(12). Let o be y(j). Let w = o + 1479. Is w composite?
False
Suppose 0 = 5*f - 3 - 7. Suppose i = 5*u + 404, -5*i + 816 = -3*i - f*u. Let r = i + 930. Is r composite?
True
Let s = 60 - 49. Let m(u) = 16 + 12 - s - 12*u. Is m(-5) a prime number?
False
Suppose k - 2*i = 2815, -179*k + 182*k - 8442 = 3*i. Is k composite?
True
Suppose -8*a + 2343 + 104593 = 0. Is a prime?
True
Let n(p) = p**3 + 3*p**2 + 5*p + 4. Let g be n(-1). Is (0 + g)*(3095 + 8) a prime number?
False
Suppose -760 = -24*a + 4*a. Let h(b) = b**3 + 4*b**2 + 4*b + 3. Let s be h(-2). Suppose a + 73 = s*u. Is u composite?
False
Let t(z) be the first derivative of -11*z**4/2 + 7*z**2/2 - 9*z - 37. Let g be t(2). Let y = g - -1210. Is y a prime number?
True
Let n = 229 + -226. Suppose -5*a + 2*c = -n*c - 6240, c - 1 = 0. Is a prime?
True
Let p = 22 + -35. Let l = p - -15. Suppose y - 927 = 4*a, -4525 = y - 6*y - l*a. Is y prime?
True
Suppose -2 = -7*g + 6*g. Suppose s + 1222 = 4*i - 385, g*i + 2*s - 816 = 0. Suppose -2*b + 435 = -i. Is b composite?
False
Suppose 156*v - 161*v = -4*q + 1180151, 4*v + 1180152 = 4*q. Is q a composite number?
False
Let m be (-4)/((-10)/5)*(-309 + -1). Let y = m + 1879. Is y a prime number?
True
Let h(m) = 1396*m**2 + 6*m + 33. Let c be h(-8). Suppose 9*i - c = -12820. Is i a prime number?
True
Let t(b) = 261*b**2 + 320*b + 2493. Is t(-8) a prime number?
False
Is 185795/(-3)*(-1356)/2260 prime?
True
Suppose -8*o = -3*s - 7*o + 2651653, -3*s - 5*o + 2651701 = 0. Is s a prime number?
False
Suppose 2*g + d = -3*d - 16, 0 = -g - 5*d - 20. Suppose g = n + 3*n - 48. Suppose -16*r + 1028 = -n*r. Is r prime?
True
Let u(r) = -15*r**2 - 9*r + 17. Let c be u(8). Let n = 1956 + c. Is n composite?
False
Let q(x) = -584699*x - 3609. Is q(-2) prime?
True
Suppose 23*c - 9997086 = -43*c. Is c composite?
False
Let s(l) = -2918*l**2 + 6*l - 5. Let n(x) = x**2 - x. Let p(w) = -4*n(w) - s(w). Is p(2) prime?
True
Let r be (-2 - 25/(-15))*-3 + 186958. Suppose 13*g + 32740 = r. Is g prime?
True
Suppose -3*p - 8 = 4*a, -4*a = -2*p + 34 - 6. Suppose -4*b + q + 11591 = 0, 7*q = -b + p*q + 2888. Is b a prime number?
True
Let h(x) = -x - 12. Let v be h(-5). Let k be (v - (-45)/6)*4*1. Suppose 3*c - 3*l = 7485, 2*c + k*c + 5*l = 9980. Is c prime?
False
Let w be (-4 - (4 + (-38)/5))*5. Is ((-34422)/(-9))/(w/(-3)) composite?
False
Suppose -l + 0*w = -3*w - 20, -5*w - 44 = -3*l. Suppose -m = l*m - 5499. Is m a prime number?
False
Suppose -5*v - 831445 = -5*v - 5*v. Is v a prime number?
True
Let l(j) = 1374*j**2 - 131*j - 1383. Is l(-20) prime?
False
Let t(q) = -3*q - 13. Let u(o) = o**2 - 8*o - 6. Let g be u(8). Let l be t(g). Suppose -15 = 3*a, 0 = -r - l*a - 0*a - 4. Is r a prime number?
False
Suppose 0 = 3*w - 4*i + 96183, -3*w - 2*i - 96177 = -4*i. Let o = -22414 - w. Is o prime?
True
Suppose -12*a + 274 - 94 = 0. Suppose 4*y - 17 = -o, 0 = -6*o + o - a. Suppose -3155 = -0*w - y*w. Is w a composite number?
False
Is 793756/10 + (-420)/(-300) a composite number?
True
Let b = 503 + -507. Let z(m) be the second derivative of -m**5/5 - m**4/3 - m**3/3 + m**2/2 + 3*m. Is z(b) composite?
True
Let a be (231/(-6))/(3*6/(-108)). Is ((-3)/((-9)/(-28682)))/((-154)/a) a composite number?
False
Let d = 98379 - 52252. Is d a prime number?
False
Let v = 18 - 18. Suppose -2*y = 4*r - 6230, v = 5*y - 4*r - r - 15605. Is y composite?
False
Suppose -103*y = -116*y + 52. Suppose 3*g - 25191 = -3*b, y*g - 10467 = 3*b - 35686. Is b a prime number?
False
Let i(a) = -2*a**2 + 14*a + 5. Let u(f) = -5*f**2 + 42*f + 14. Let v(h) = -8*i(h) + 3*u(h). Let p be v(-14). Is ((-1)/(p/1163))/((-42)/84) prime?
True
Let c(q) = 245*q + 172. Suppose -76 + 31 = -9*d. Is c(d) composite?
True
Suppose 7*m = 2*m - 4*u + 7980, -6425 = -4*m + 5*u. Suppose -4*k = -l + m, 2*l + 3*k = 3*l - 1601. Suppose -l + 456 = -14*t. Is t a prime number?
False
Let z(a) be the second derivative of 776*a**3/3 + 67*a**2/2 + 4*a - 26. Is z(5) a prime number?
False
Suppose -26*l + 2661067 + 3137739 = 0. Is l prime?
False
Let t(n) = -58323*n + 868. Is t(-1) composite?
True
Suppose 0 = -5*o - 254 - 431. Let j be 24/(-3) + 5 - o. Suppose 129*y + 28195 = j*y. Is y a composite number?
False
Let s(x) = 734*x**2 + 29*x + 311. Is s(-16) a prime number?
True
Let m(b) = -9147*b - 53. Let y(p) = -9148*p - 55. Let c(a) = 2*m(a) - 3*y(a). Is c(4) prime?
False
Suppose 2*k - 5*a = 14, -8*k = -12*k - 3*a + 28. Suppose -4*o + 28112 = -11*h + k*h, -4*h - 35143 = -5*o. Is o composite?
True
Suppose 6734250 + 8206050 = 21*h + 1703643. Is h prime?
False
Let v(a) = 0*a**3 - 123 - 22*a + 7*a - 16*a - 41*a**2 + a**3. Is v(42) composite?
True
Let c(v) = -v**3 + 14*v**2 - 23*v - 6. Let y be c(12). Suppose 2*r - 5*r - 33 = 3*o, 0 = -r + 4*o - y. Is 2*((-8435)/r + 3) a prime number?
True
Let g(m) = -m**3 - m**2 + 9*m - 12. Let j be g(8). Let r = j - 761. Let a = 2154 + r. Is a composite?
False
Let w = 17180 - -86109. Is w prime?
True
Suppose -13*j + 82808 + 575447 = 0. Suppose -6*h - 19489 = -j. Is h a composite number?
True
Let p(g) = 2337*g**3 + 6*g**2 + 2*g + 6. Let b(j) = 2338*j**3 + 7*j**2 + 2*j + 7. Let c(l) = 6*b(l) - 7*p(l). Is c(-1) a composite number?
False
Let m = -29 - -11. Let b be 12/m*-1*3. Is -1 + -40*(b - 4) composite?
False
Suppose -2*i +